{"id":1271,"date":"2023-01-02T12:29:19","date_gmt":"2023-01-02T12:29:19","guid":{"rendered":"https:\/\/vereinverfolgt.ch\/?page_id=1271"},"modified":"2023-01-02T12:49:06","modified_gmt":"2023-01-02T12:49:06","slug":"solidar-tandem","status":"publish","type":"page","link":"https:\/\/vereinverfolgt.ch\/?page_id=1271","title":{"rendered":"Solidar-Tandem"},"content":{"rendered":"\n<p>Das Projekt &#171;Solidar-Tandem&#187; ist eine innovative Massnahme zur Integration von Gefl\u00fcchteten in die Schweizer Gesellschaft. Das Konzept ist einfach, aber effektiv: Gefl\u00fcchtete, die schon l\u00e4nger in der Schweiz leben, begleiten neu angekommene Gefl\u00fcchtete durch den Alltag und pr\u00e4sentieren ihnen die Schweizer Gegebenheiten vor Ort.<\/p>\n\n\n\n<p>Das Projekt bietet neu angekommenen Gefl\u00fcchteten die M\u00f6glichkeit, die Schweizer Gesellschaft kennenzulernen und sich in ihr zurechtzufinden, bevor sie die Landessprache aneignen. Durch die Alltagsbegleitung werden Gefl\u00fcchtete in Themen wie Recycling, \u00f6ffentlicher Verkehr und nachbarschaftliche Beziehungen eingef\u00fchrt und k\u00f6nnen somit den Alltag besser meistern.<\/p>\n\n\n\n<p>Neben der praktischen Unterst\u00fctzung bietet das &#171;Solidar-Tandem&#187; auch die M\u00f6glichkeit zu sozialen Kontakten. Insgesamt tr\u00e4gt das &#171;Solidar-Tandem&#187; auf vielf\u00e4ltige Weise zur Integration von Gefl\u00fcchteten in die Schweizer Gesellschaft bei. Durch die Alltagsbegleitung werden Gefl\u00fcchtete in die Gesellschaft eingebunden und haben die M\u00f6glichkeit, soziale Kontakte zu kn\u00fcpfen und ihren Platz in der Gesellschaft zu finden. Als Verein unterst\u00fctzen wir das Projekt &#171;Solidar-Tandem&#187; und freuen uns, dass wir damit einen Beitrag zur Integration von Gefl\u00fcchteten leisten k\u00f6nnen.&#187;<\/p>\n\n\n\n<p>Bei Interesse k\u00f6nnen Sie gerne mit uns Kontakt aufnehmen&#8230;<\/p>\n","protected":false},"excerpt":{"rendered":"<p>Das Projekt &#171;Solidar-Tandem&#187; ist eine innovative Massnahme zur Integration von Gefl\u00fcchteten in die Schweizer Gesellschaft. Das Konzept ist einfach, aber effektiv: Gefl\u00fcchtete, die schon l\u00e4nger in der Schweiz leben, begleiten neu angekommene Gefl\u00fcchtete durch den Alltag und pr\u00e4sentieren ihnen die Schweizer Gegebenheiten vor Ort. Das Projekt bietet neu angekommenen Gefl\u00fcchteten die M\u00f6glichkeit, die Schweizer Gesellschaft&hellip; <br \/> <a class=\"button small blue\" href=\"https:\/\/vereinverfolgt.ch\/?page_id=1271\">Read more<\/a><\/p>\n","protected":false},"author":1,"featured_media":1272,"parent":0,"menu_order":0,"comment_status":"closed","ping_status":"closed","template":"","meta":{"footnotes":""},"class_list":["post-1271","page","type-page","status-publish","has-post-thumbnail","hentry"],"_links":{"self":[{"href":"https:\/\/vereinverfolgt.ch\/index.php?rest_route=\/wp\/v2\/pages\/1271","targetHints":{"allow":["GET"]}}],"collection":[{"href":"https:\/\/vereinverfolgt.ch\/index.php?rest_route=\/wp\/v2\/pages"}],"about":[{"href":"https:\/\/vereinverfolgt.ch\/index.php?rest_route=\/wp\/v2\/types\/page"}],"author":[{"embeddable":true,"href":"https:\/\/vereinverfolgt.ch\/index.php?rest_route=\/wp\/v2\/users\/1"}],"replies":[{"embeddable":true,"href":"https:\/\/vereinverfolgt.ch\/index.php?rest_route=%2Fwp%2Fv2%2Fcomments&post=1271"}],"version-history":[{"count":2,"href":"https:\/\/vereinverfolgt.ch\/index.php?rest_route=\/wp\/v2\/pages\/1271\/revisions"}],"predecessor-version":[{"id":1282,"href":"https:\/\/vereinverfolgt.ch\/index.php?rest_route=\/wp\/v2\/pages\/1271\/revisions\/1282"}],"wp:featuredmedia":[{"embeddable":true,"href":"https:\/\/vereinverfolgt.ch\/index.php?rest_route=\/wp\/v2\/media\/1272"}],"wp:attachment":[{"href":"https:\/\/vereinverfolgt.ch\/index.php?rest_route=%2Fwp%2Fv2%2Fmedia&parent=1271"}],"curies":[{"name":"wp","href":"https:\/\/api.w.org\/{rel}","templated":true}]}}